{"id":667,"date":"2024-01-07T14:37:06","date_gmt":"2024-01-07T14:37:06","guid":{"rendered":"https:\/\/petsoffice.cultark.net\/?post_type=product&#038;p=667"},"modified":"2024-01-07T18:27:51","modified_gmt":"2024-01-07T18:27:51","slug":"66879-activity-toy-big-circle-o-36-cm","status":"publish","type":"product","link":"https:\/\/petsoffice.cultark.net\/index.php\/product\/66879-activity-toy-big-circle-o-36-cm\/","title":{"rendered":"66879 Activity Toy &#8220;BIG CIRCLE&#8221;  \u00d8 36 cm"},"content":{"rendered":"<p>\u2022 Dieses Spielzeug animiert zum Kratzen, Beobachten, Jagen und<\/p>\n<p>Fangen. Alles was Katzen gerne machen. \/<\/p>\n<p>This toy animated to scratch, to observe, to hunt and catch. Everything cats love to do.<\/p>\n<p>\u2022 Durch das Activity Toy wird die Katze geistig gefordert<\/p>\n<p>und besch\u00e4ftigt. Es kann somit dazu beitragen, dass die Katze<\/p>\n<p>ausgeglichener und zufriedener ist. \/<\/p>\n<p>The Activity Toy will demand and occupy the cat intellectually. This makes the cat<\/p>\n<p>better balanced and more content.<\/p>\n<p>\u2022 An der Unterseite befinden sich Gummif\u00fc\u00dfe, die f\u00fcr eine gute<\/p>\n<p>Standfestigkeit sorgen. \/<\/p>\n<p>With anti slip rubber feet at the underside which provides a good stability.<\/p>\n<p>\u2022 Material: Sisal, Holz, MDF \/ sisal, wood, wood fiber<\/p>\n<p>\u2022 Gr\u00f6\u00dfe \/ size: \u00d8 36 cm<\/p>\n","protected":false},"excerpt":{"rendered":"<p>\u2022 Dieses Spielzeug animiert zum Kratzen, Beobachten, Jagen und Fangen. Alles was Katzen gerne machen. \/ This toy animated to scratch, to observe, to hunt and catch. Everything cats love to do. \u2022 Durch das Activity Toy wird die Katze geistig gefordert und besch\u00e4ftigt. Es kann somit dazu beitragen, dass die Katze ausgeglichener und zufriedener [&hellip;]<\/p>\n","protected":false},"featured_media":0,"comment_status":"open","ping_status":"closed","template":"","meta":[],"product_cat":[15],"product_tag":[181],"_links":{"self":[{"href":"https:\/\/petsoffice.cultark.net\/index.php\/wp-json\/wp\/v2\/product\/667"}],"collection":[{"href":"https:\/\/petsoffice.cultark.net\/index.php\/wp-json\/wp\/v2\/product"}],"about":[{"href":"https:\/\/petsoffice.cultark.net\/index.php\/wp-json\/wp\/v2\/types\/product"}],"replies":[{"embeddable":true,"href":"https:\/\/petsoffice.cultark.net\/index.php\/wp-json\/wp\/v2\/comments?post=667"}],"wp:attachment":[{"href":"https:\/\/petsoffice.cultark.net\/index.php\/wp-json\/wp\/v2\/media?parent=667"}],"wp:term":[{"taxonomy":"product_cat","embeddable":true,"href":"https:\/\/petsoffice.cultark.net\/index.php\/wp-json\/wp\/v2\/product_cat?post=667"},{"taxonomy":"product_tag","embeddable":true,"href":"https:\/\/petsoffice.cultark.net\/index.php\/wp-json\/wp\/v2\/product_tag?post=667"}],"curies":[{"name":"wp","href":"https:\/\/api.w.org\/{rel}","templated":true}]}}